e highest common factor of 352 and 189112.
88
Calculate the highest common factor of 14 and 12061.
7
Calculate the highest common factor of 5 and 216755.
5
Calculate the highest common factor of 43470 and 12870.
90
Calculate the highest common divisor of 27357 and 198.
33
What is the highest common divisor of 520 and 10998?
26
Calculate the greatest common factor of 9450 and 7490.
70
Calculate the highest common factor of 272 and 690608.
272
Calculate the highest common factor of 388 and 10.
2
Calculate the greatest common factor of 9553 and 4469.
41
What is the greatest common divisor of 1053693 and 2115?
423
Calculate the highest common factor of 1925 and 28600.
275
What is the greatest common divisor of 2160 and 25840?
80
Calculate the greatest common factor of 743960 and 840.
280
What is the greatest common factor of 375 and 35375?
125
What is the greatest common factor of 401893 and 271?
271
Calculate the highest common factor of 137445 and 168.
21
Calculate the greatest common factor of 243 and 28053.
27
What is the greatest common divisor of 292 and 4198376?
292
Calculate the highest common divisor of 1470 and 8428.
98
What is the highest common factor of 2300 and 1822520?
460
What is the greatest common factor of 916 and 192589?
229
Calculate the highest common factor of 3078 and 8829.
81
What is the greatest common divisor of 7748 and 206?
2
What is the highest common factor of 7680 and 4288?
64
Calculate the greatest common divisor of 153 and 5128713.
153
Calculate the greatest common divisor of 1081 and 6533.
47
Calculate the greatest common factor of 2125 and 334475.
425
Calculate the highest common factor of 17764 and 4.
4
What is the highest common divisor of 780585 and 2340?
195
What is the highest common factor of 27 and 155007?
27
What is the greatest common factor of 2637 and 95518?
293
Calculate the greatest common divisor of 253 and 9361.
253
What is the highest common divisor of 65 and 252695?
5
Calculate the highest common divisor of 980 and 43316.
196
What is the greatest common divisor of 34 and 2006?
34
Calculate the greatest common factor of 5584 and 240.
16
What is the highest common factor of 1494 and 5810?
166
Calculate the greatest common factor of 3783 and 25467.
39
Calculate the highest common divisor of 181747 and 1564.
17
What is the greatest common factor of 52600 and 320?
40
What is the highest common divisor of 12864 and 3417?
201
Calculate the highest common factor of 145236 and 63726.
1482
Calculate the greatest common factor of 11 and 107712.
11
Calculate the greatest common divisor of 33124 and 77.
7
Calculate the greatest common divisor of 191875 and 1875.
625
Calculate the highest common factor of 2637 and 9.
9
What is the highest common divisor of 26818 and 92?
46
What is the greatest common factor of 4770 and 675?
45
Calculate the greatest common divisor of 338 and 309244.
26
What is the highest common factor of 901 and 30651?
17
Calculate the highest common factor of 845 and 17395.
5
Calculate the greatest common divisor of 591669 and 507.
507
Calculate the highest common divisor of 220 and 7876.
44
What is the highest common divisor of 215511 and 3?
3
What is the highest common divisor of 30420 and 4290?
390
What is the greatest common factor of 78153 and 7887?
717
Calculate the greatest common factor of 120 and 265.
5
Calculate the highest common divisor of 3808 and 1802272.
544
Calculate the greatest common divisor of 57022 and 112.
14
What is the greatest common factor of 16000 and 6144?
128
What is the greatest common factor of 2142 and 217872?
306
Calculate the highest common factor of 6102 and 702.
54
What is the highest common divisor of 753 and 80320?
251
What is the highest common factor of 1245 and 3700?
5
What is the greatest common divisor of 25 and 115445?
5
Calculate the highest common factor of 4312 and 59192.
392
What is the highest common divisor of 5423671 and 11?
11
What is the highest common factor of 52 and 229476?
52
Calculate the highest common factor of 221550 and 17302.
422
Calculate the greatest common factor of 45 and 70535.
5
Calculate the greatest common factor of 840 and 168455.
35
Calculate the highest common divisor of 25707 and 3135.
627
What is the greatest common factor of 6754846 and 49?
49
What is the greatest common factor of 58 and 25694?
58
What is the highest common factor of 12290 and 2880?
10
What is the highest common factor of 756 and 7884?
108
What is the greatest common factor of 2739 and 268007?
83
What is the greatest common factor of 3139 and 4891?
73
Calculate the greatest common divisor of 880 and 7832.
88
Calculate the highest common factor of 22433 and 17.
1
What is the highest common factor of 286 and 4972?
22
Calculate the highest common divisor of 19549 and 565.
113
What is the greatest common factor of 62972 and 100464?
364
What is the highest common factor of 1560 and 26832?
312
What is the greatest common factor of 1350 and 4493700?
450
What is the highest common factor of 209 and 323?
19
Calculate the greatest common factor of 611829 and 314.
157
Calculate the highest common divisor of 34 and 735998.
34
What is the highest common divisor of 819 and 9477?
117
What is the greatest common factor of 28000 and 154?
14
Calculate the highest common factor of 4302 and 162.
18
Calculate the highest common factor of 12968 and 72.
8
Calculate the greatest common divisor of 700 and 3475.
25
Calculate the greatest common factor of 2765 and 147.
7
What is the highest common factor of 110367 and 18?
9
Calculate the greatest common factor of 158232 and 456.
456
What is the greatest common factor of 202 and 88981?
101
What is the highest common divisor of 404 and 388?
4
What is the highest common divisor of 14 and 237930?
14
What is the greatest common factor of 266721 and 16609?
977
Calculate the greatest common divisor of 110029 and 38.
19
What is the greatest common divisor of 11359 and 8903?
307
What is the highest common divisor of 86608 and 40?
8
What is the greatest common divisor of 130345 and 48755?
995
Calculate the greatest common factor of 267635 and 40.
5
What is the highest common factor of 12 and 306330?
6
What is the greatest common factor of 848969 and 44?
11
What is the greatest common factor of 868 and 5332?
124
Calculate the greatest common divisor of 1802 and 581145.
901
Calculate the greatest common divisor of 2964 and 6591.
39
Calculate the greatest common factor of 169442 and 26.
26
Calculate the greatest common divisor of 145560 and 120.
120
Calculate the greatest common divisor of 119973 and 1218.
609
What is the highest common divisor of 4712 and 133?
19
Calculate the highest common factor of 11570 and 39.
13
What is the greatest common factor of 539 and 176?
11
What is the highest common factor of 140 and 138740?
140
Calculate the highest common divisor of 98611 and 682.
31
What is the greatest common divisor of 26004 and 176?
44
Calculate the highest common divisor of 45373 and 2312.
289
Calculate the greatest common factor of 22707 and 19923.
87
Calculate the greatest common factor of 4745375 and 125.
125
Calculate the greatest common divisor of 3030 and 258055.
505
Calculate the greatest common divisor of 209825 and 327.
109
What is the greatest common divisor of 1295 and 2555?
35
Calculate the highest common factor of 178364 and 204.
68
Calculate the greatest common factor of 5984 and 22304.
544
Calculate the highest common divisor of 277 and 2.
1
Calculate the highest common divisor of 42098 and 812.
14
What is the greatest common divisor of 3684 and 404319?
921
Calculate the greatest common factor of 337249 and 198.
11
What is the greatest common divisor of 4340 and 57040?
620
Calculate the highest common factor of 22624440 and 190.
190
What is the greatest common divisor of 100636 and 2780?
556
What is the greatest common factor of 1404 and 77740?
52
What is the highest common divisor of 1771 and 25949?
77
What is the greatest common divisor of 45 and 32211?
9
What is the highest common factor of 35280 and 368?
16
What is the highest common factor of 604 and 200?
4
What is the highest common factor of 5587305 and 15?
15
What is the highest common divisor of 20475 and 2912?
91
Calculate the greatest common factor of